{"id":544,"date":"2025-01-09T23:47:32","date_gmt":"2025-01-10T02:47:32","guid":{"rendered":"https:\/\/whiskybravo.com.ar\/?post_type=product&#038;p=544"},"modified":"2026-03-04T15:14:20","modified_gmt":"2026-03-04T18:14:20","slug":"tcp-reg-25","status":"publish","type":"product","link":"https:\/\/whiskybravo.com.ar\/index.php\/producto\/tcp-reg-25\/","title":{"rendered":"Tripulante de Cabina de Pasajeros Regular"},"content":{"rendered":"<p>Dise\u00f1ado para formar profesionales capacitados en la atenci\u00f3n y seguridad de los pasajeros a bordo de aeronaves. A lo largo del programa, los estudiantes aprender\u00e1n sobre procedimientos de emergencia, atenci\u00f3n al cliente, normativas de seguridad, y gesti\u00f3n de situaciones cr\u00edticas. El curso incluye formaci\u00f3n te\u00f3rica y pr\u00e1ctica, con simulador Mock-Up y entrenamiento en primeros auxilios. Al finalizar, los egresados estar\u00e1n listos para cumplir con los est\u00e1ndares de las aerol\u00edneas y garantizar una experiencia segura y placentera para los pasajeros.<\/p>\n","protected":false},"excerpt":{"rendered":"<p>TRIPULANTE CABINA DE PASAJEROS<br \/>\n(Azafata &#8211; Comisario de Abordo)<\/p>\n<p>INSCRIPCION ABIERTA!!!<\/p>\n<p>\u27a1\ufe0fEl curso tiene 3 practicas obligatorias presenciales, que ser\u00e1n dadas en Rosario.<\/p>\n<p>\u27a1\ufe0f Las clases tienen un sistema hibrido, se dictaran por la plataforma Zoom y de manera presencial, el alumno elije.<\/p>\n<p>\ud83d\udd36FECHAS:<br \/>\n\u2022\u2060 \u2060Inicio: 22 de Marzo de 2025.<br \/>\n\u2022\u2060 \u2060Finalizaci\u00f3n: 6 de Diciembre de 2025(estimativo).<\/p>\n<p>\ud83d\udd36HORARIOS: Hay 2 turnos para elegir, el alumno elige en cu\u00e1l cursar.<\/p>\n<p>S\u00e1bados:<br \/>\n\u2022\u2060 \u2060Turno Ma\u00f1ana: de 8:00 a 11:00 hs.<br \/>\n\u2022\u2060 \u2060Turno Mediodia: de 11:30 a 14:30 hs.<\/p>\n<p>\ud83d\udd38REQUISITOS DE ADMISI\u00d3N:<br \/>\nEstudios: Secundario completo<br \/>\nEdad m\u00ednima: 18 a\u00f1os cumplidos(No hay limite de edad)<\/p>\n<p>\ud83d\udd38 PRESENTAR DIGITALMENTE:<br \/>\n\u2022\u2060 \u2060Foto del DNI de ambos lados<br \/>\n\u2022\u2060 \u2060Foto del Certificado de Estudios Secundarios, Terciarios o Universitarios de ambos lados o constancia de los mismos.<\/p>\n<p>\ud83c\uddea\ud83c\uddfa Posibilidad de sacar tu licencia Europea, cons\u00faltanos<br \/>\nCostos extras dentro del curso: uniforme y seguro de las Pr\u00e1cticas.<\/p>\n","protected":false},"featured_media":440,"comment_status":"open","ping_status":"closed","template":"","meta":[],"product_brand":[],"product_cat":[72],"product_tag":[],"class_list":{"0":"post-544","1":"product","2":"type-product","3":"status-publish","4":"has-post-thumbnail","6":"product_cat-tripulantedecabinadepasajeros","8":"first","9":"instock","10":"product-type-simple"},"_links":{"self":[{"href":"https:\/\/whiskybravo.com.ar\/index.php\/wp-json\/wp\/v2\/product\/544","targetHints":{"allow":["GET"]}}],"collection":[{"href":"https:\/\/whiskybravo.com.ar\/index.php\/wp-json\/wp\/v2\/product"}],"about":[{"href":"https:\/\/whiskybravo.com.ar\/index.php\/wp-json\/wp\/v2\/types\/product"}],"replies":[{"embeddable":true,"href":"https:\/\/whiskybravo.com.ar\/index.php\/wp-json\/wp\/v2\/comments?post=544"}],"wp:featuredmedia":[{"embeddable":true,"href":"https:\/\/whiskybravo.com.ar\/index.php\/wp-json\/wp\/v2\/media\/440"}],"wp:attachment":[{"href":"https:\/\/whiskybravo.com.ar\/index.php\/wp-json\/wp\/v2\/media?parent=544"}],"wp:term":[{"taxonomy":"product_brand","embeddable":true,"href":"https:\/\/whiskybravo.com.ar\/index.php\/wp-json\/wp\/v2\/product_brand?post=544"},{"taxonomy":"product_cat","embeddable":true,"href":"https:\/\/whiskybravo.com.ar\/index.php\/wp-json\/wp\/v2\/product_cat?post=544"},{"taxonomy":"product_tag","embeddable":true,"href":"https:\/\/whiskybravo.com.ar\/index.php\/wp-json\/wp\/v2\/product_tag?post=544"}],"curies":[{"name":"wp","href":"https:\/\/api.w.org\/{rel}","templated":true}]}}