{"id":589,"date":"2025-01-14T18:27:44","date_gmt":"2025-01-14T21:27:44","guid":{"rendered":"https:\/\/whiskybravo.com.ar\/?post_type=product&#038;p=589"},"modified":"2026-03-04T15:13:49","modified_gmt":"2026-03-04T18:13:49","slug":"piloto-privado-de-avion","status":"publish","type":"product","link":"https:\/\/whiskybravo.com.ar\/index.php\/producto\/piloto-privado-de-avion\/","title":{"rendered":"Piloto privado de avion"},"content":{"rendered":"<p>Este curso es el primer paso para convertirte en piloto de aviaci\u00f3n. Aprender\u00e1s los fundamentos del vuelo, navegaci\u00f3n, meteorolog\u00eda y normativa aeron\u00e1utica, combinando teor\u00eda con horas de vuelo pr\u00e1cticas en aeronaves reales. Obtendr\u00e1s las habilidades necesarias para volar de manera segura y aut\u00f3noma en aviones monomotores no comerciales. Ideal para quienes sue\u00f1an con explorar el cielo y dar inicio a una carrera en la aviaci\u00f3n o disfrutar el placer de volar. \u00a1Cumpl\u00ed tu sue\u00f1o de ser piloto!<\/p>\n","protected":false},"excerpt":{"rendered":"<p>\u27a1\ufe0f CURSO TE\u00d3RICO:<\/p>\n<p>\ud83d\udd38FECHAS:<br \/>\n\u00b7 Inicio: 17 de Febrero 2025.<br \/>\n\u00b7 Finalizaci\u00f3n: 5 de Mayo de 2025.<br \/>\n\u00b7 Se cursa lunes, mi\u00e9rcoles y viernes de 17:00 a 21:00 hs.<\/p>\n<p>\u27a1\ufe0f CURSO PR\u00c1CTICO:<br \/>\nSe puede arrancar cuando lo desees. Con el psicofisico aprobado<br \/>\n\u00b7 45 Hs de vuelo<br \/>\n\u00b7 Plazo de 2 meses a 2 a\u00f1os para acumular las horas de vuelo<br \/>\nCada hora de vuelo con instrucci\u00f3n tiene un costo de: $150.000.<\/p>\n<p>\u27a1\ufe0f REQUISITOS DE ADMISI\u00d3N<br \/>\n\u00b7 Edad m\u00ednima: 16 a\u00f1os y 9 meses<br \/>\n\u00b7 Menores de 18 a\u00f1os deber\u00e1n firmar autorizaci\u00f3n certificada por escribano<br \/>\n\u00b7 Ciclo Primario aprobado<\/p>\n<p>\ud83d\udd38 PRESENTAR DIGITALMENTE:<br \/>\n\u2022\u2060 \u2060Foto del DNI de ambos lados<br \/>\n\u2022\u2060 \u2060Foto del Certificado de Estudios Primarios o Secundarios de ambos lados<\/p>\n","protected":false},"featured_media":438,"comment_status":"open","ping_status":"closed","template":"","meta":[],"product_brand":[],"product_cat":[79],"product_tag":[],"class_list":{"0":"post-589","1":"product","2":"type-product","3":"status-publish","4":"has-post-thumbnail","6":"product_cat-pilotoprivado","8":"first","9":"instock","10":"product-type-simple"},"_links":{"self":[{"href":"https:\/\/whiskybravo.com.ar\/index.php\/wp-json\/wp\/v2\/product\/589","targetHints":{"allow":["GET"]}}],"collection":[{"href":"https:\/\/whiskybravo.com.ar\/index.php\/wp-json\/wp\/v2\/product"}],"about":[{"href":"https:\/\/whiskybravo.com.ar\/index.php\/wp-json\/wp\/v2\/types\/product"}],"replies":[{"embeddable":true,"href":"https:\/\/whiskybravo.com.ar\/index.php\/wp-json\/wp\/v2\/comments?post=589"}],"wp:featuredmedia":[{"embeddable":true,"href":"https:\/\/whiskybravo.com.ar\/index.php\/wp-json\/wp\/v2\/media\/438"}],"wp:attachment":[{"href":"https:\/\/whiskybravo.com.ar\/index.php\/wp-json\/wp\/v2\/media?parent=589"}],"wp:term":[{"taxonomy":"product_brand","embeddable":true,"href":"https:\/\/whiskybravo.com.ar\/index.php\/wp-json\/wp\/v2\/product_brand?post=589"},{"taxonomy":"product_cat","embeddable":true,"href":"https:\/\/whiskybravo.com.ar\/index.php\/wp-json\/wp\/v2\/product_cat?post=589"},{"taxonomy":"product_tag","embeddable":true,"href":"https:\/\/whiskybravo.com.ar\/index.php\/wp-json\/wp\/v2\/product_tag?post=589"}],"curies":[{"name":"wp","href":"https:\/\/api.w.org\/{rel}","templated":true}]}}